 q?
5
Suppose -962*p + 994*p = 6272. Calculate the greatest common factor of 931 and p.
49
Let o(q) = -61*q + 8. Let w be o(-6). Let k be ((-98)/2744)/((-2)/48)*77/3. Calculate the greatest common factor of w and k.
22
Suppose 444*a = 462*a - 8856. Calculate the greatest common divisor of a and 156.
12
Let o(k) = 8*k**2 + 19*k + 9. Let m(t) = t**2 + t - 4. Let r(u) = -5*m(u) + o(u). Let n be r(-7). What is the highest common divisor of n and 104?
26
Let n = -170 - -169. Let o be (n + 58)/(12/16). Calculate the highest common divisor of 190 and o.
38
Suppose 34*i = 90*i - 412*i + 28480. What is the greatest common divisor of 10032 and i?
16
Suppose 5*p - 10345 = -4*h + 1310, 5*p + 3*h = 11660. What is the highest common factor of 10 and p?
5
Let j = -10 + 39. Let m be (-77)/21 - -4 - (-2422)/42. What is the highest common divisor of m and j?
29
Suppose -9*j = 18*j - 299954 + 57197. Calculate the highest common factor of 444 and j.
111
Let n = 12694 + -12514. Calculate the highest common factor of 465 and n.
15
Let w be (-181)/(-2) + 1/(-2). Let v(z) = z**3 - 16*z**2 - 353*z + 5574. Let j be v(15). Calculate the highest common divisor of w and j.
18
Suppose -2*c + 5 + 1 = -2*q, -2*q - 4 = -3*c. Suppose 0 = 2*s - 21 - 11. Let j = s - q. What is the greatest common divisor of j and 168?
21
Let k = 402 + -407. Let r(i) = 6*i**2 - 9*i - 25. Let n be r(k). Calculate the greatest common divisor of 20 and n.
10
Let g(r) = 26*r**2 + 7*r - 8. Let m be g(2). What is the highest common divisor of 15 and m?
5
Let t = 12 - -11. Let v = -35 - t. Let f be (4 + -6)*(-3)/(-12)*v. What is the greatest common divisor of 319 and f?
29
Let q be -3 + 4 - 1*102. Let k = -49 - q. Suppose -2*c = 5*z - 0*c - 52, -4*c - k = -3*z. What is the greatest common divisor of z and 6?
6
Let j = -553 - -1068. Let r = j + -510. Calculate the greatest common divisor of 400 and r.
5
Let d(m) = m**3 + 22*m**2 + 7*m - 5. Let s be d(-22). Let w = 163 + s. What is the highest common divisor of w and 7?
1
Let o be 2098/10 + (205/25 - (-17 - -25)). Calculate the highest common factor of 48 and o.
6
Let z(t) = 30*t**2 - 983*t - 69. Let s be z(33). Calculate the greatest common divisor of s and 408.
6
Let m be (-249508)/(-154) + (-22)/121. Calculate the greatest common factor of 12 and m.
12
Let s = -35 - -37. Suppose 0 = -s*r + 6 - 2. Calculate the greatest common factor of r and 26.
2
Suppose -2*o = -709 + 43. What is the highest common factor of 481 and o?
37
Let w(g) = 104*g + 547. Let l be w(-5). What is the highest common factor of l and 2835?
27
Let s = -130 + -1. Let z = -126 - s. Suppose -2*v + 46 = -z*j, 3*j = 5 + 1. Calculate the highest common factor of v and 42.
14
Let o = 28389 - 28368. Calculate the greatest common divisor of o and 19432.
7
Let d = -594 - -465. Let j = d - -231. What is the greatest common factor of 18 and j?
6
Let q = 26978 - 26366. Calculate the highest common divisor of 153 and q.
153
Suppose -20*f - 16896 = -108*f. Calculate the highest common factor of 168 and f.
24
Let r be 3/3*21/3. Let d = -559 - -570. Suppose d*i - 180 = r*i. What is the highest common divisor of 10 and i?
5
Let d be 3 - ((-7)/4 - 1/4). Suppose d*r - 2*y - 314 = r, -2*r = 3*y - 137. Let c = r + -43. Calculate the highest common factor of 3 and c.
3
Let a(o) be the first derivative of 24 + 5/2*o**2 - 11*o + 1/3*o**3. Let t be a(-7). What is the greatest common factor of t and 2?
1
Let j(g) = -6*g**3 + 2*g**2 - 4. Let t be j(-3). Let r(v) = -v**2 + 38*v + 139. Let m be r(-3). Calculate the highest common divisor of t and m.
16
Let p be 610/7 + (-47)/329. Calculate the greatest common divisor of 4089 and p.
87
Suppose -2*n = -7*n + t - 31, -4*n - 29 = -5*t. Let g = n - -8. Let u = 5 - -5. Calculate the greatest common divisor of u and g.
2
Let o be (-213)/1278 + (-8978)/(-12). What is the greatest common factor of 68 and o?
68
Let q be (1218/9)/(104/24 + -4). Calculate the greatest common factor of 14819 and q.
203
Suppose 2*b - 5*b = -1002. Let u = -176 + b. Suppose -4*i = 2 - u. What is the highest common divisor of 13 and i?
13
Let f = 33471 + -33468. Suppose 0*y = -5*y - 20. Let a be y + 8 - (-2)/(-2). What is the highest common divisor of a and f?
3
Suppose 4*b + 5*i - 29 - 40 = 0, 0 = -4*i - 12. Suppose -37 = -2*n + 11. Let k = 31 - n. Calculate the greatest common factor of b and k.
7
Suppose 16*t + 7560 = 115*t + 21*t. Suppose -3*d = w + 52, 3*w - 7*w - 48 = 2*d. Let a = 23 + d. Calculate the highest common divisor of a and t.
7
Suppose 4*t = -3*c + 998, -265*c = 4*t - 261*c - 1004. What is the greatest common divisor of t and 161?
7
Let z be ((-34)/9)/(238/(-177786)). What is the greatest common factor of 102 and z?
34
Suppose r + 2*f = 3102, 21*f + 6198 = 2*r + 26*f. What is the highest common factor of r and 865?
173
Let w(l) = l**2 - 28*l + 9. Let m be w(28). Let s be ((-187)/(-153) - 2/m)*15. Suppose -6*z + 62 = -298. What is the highest common divisor of s and z?
15
Suppose 5*h - 3*n = 465 + 2160, 5*h - 2635 = 5*n. Calculate the greatest common factor of 90 and h.
18
Let d = 17 - 9. Suppose 25 + 119 = d*i. Suppose 4*f = 4*g + 96, 2*g + 45 = 2*f - g. What is the highest common factor of f and i?
9
Suppose 4*w = 5*q - 85, q - 7 = 3*w - 1. Let a be (-156)/q + 15/35. Let h be ((-6)/a)/(4*2/224). What is the highest common divisor of 168 and h?
24
Let h = 56 + -57. Let u(f) = 102*f**2 - 3*f - 3. Let i be u(h). Let n = -72 - -106. Calculate the greatest common factor of n and i.
34
Let y = 344 + -305. Suppose 0 = 4*l - 8*l + 1404. Calculate the greatest common divisor of y and l.
39
Suppose -2*s - 42 + 114 = 0. Suppose 27 = 14*o - 5*o. Suppose 0 = -o*b - 40 + 52. Calculate the highest common divisor of s and b.
4
Let j = 3509 + -3488. What is the greatest common divisor of 2919 and j?
21
Suppose 0 = 4*y + 2*u - 26 + 4, 25 = 5*u. Suppose 8*g - 9*g = -y. Calculate the highest common factor of 8 and g.
1
Let t(z) = -702*z + 4653. Let s be t(6). What is the highest common factor of 18 and s?
9
Let f(p) = 3*p**2 + p + 2. Let o be f(-1). Suppose 600 = 4*c - o*t, -c = -2*t - 47 - 105. Let v = c + -68. What is the greatest common divisor of 32 and v?
16
Let f be 3710/795*(-480)/(-14). Calculate the greatest common factor of f and 570.
10
Suppose 0 = 5*c - 5*j - 11305, 0 = 2*c + c + 2*j - 6758. Calculate the greatest common factor of 96 and c.
48
Suppose -3*u = -5*z + 644, -3*z + 0*u = 5*u - 400. Let g be (26/4)/(-12 + 725/60). What is the greatest common factor of g and z?
26
Suppose -6*o + 8*o = -4. Let s be (2 - o) + (-11)/(-11). Suppose 945 = 4*k - s*a - 20, 0 = -3*a - 3. Calculate the greatest common divisor of 30 and k.
30
Suppose 5*s - 89 = 36. Let w = -75 + 221. Let l = w + -21. Calculate the highest common factor of l and s.
25
Let t = -142 - -257. Calculate the highest common divisor of t and 207.
23
Suppose 4*v - 4*t = 56 - 208, -v - 33 = -2*t. Let m(p) = -2*p**2 - 91*p - 41. Let r be m(v). What is the highest common divisor of 58 and r?
58
Let f = -2 + -8. Let b be f/(-4)*(-280)/(-20). Calculate the highest common divisor of b and 10.
5
Suppose -4*h = 5*z - 354, 5*h - z - 207 = 279. Calculate the highest common factor of 552 and h.
24
Suppose 20*k = 26*k + 762. Let z = k + 138. Suppose -4*d = -3*d - 11. What is the greatest common divisor of d and z?
11
Let r(o) = -28*o - 220. Let m be r(-8). Calculate the greatest common factor of 2080 and m.
4
Let w = -4197 - -4237. Calculate the highest common divisor of 3170 and w.
10
Let a = -220 + 295. Let o(s) be the first derivative of 3*s**2 - 11*s - 5. Let b be o(6). Calculate the highest common factor of a and b.
25
Let x = 6454 - 6419. Calculate the highest common divisor of 9485 and x.
35
Let b(v) = v**2 + 31*v - 20. Let m be b(-43). Suppose 10*r + 21*r = m. What is the greatest common divisor of r and 528?
16
Let f = 57 + -50. Let w be 12/f - 4/(-14). Calculate the highest common factor of 62 and w.
2
Suppose -12*u + 82 - 34 = 0. Let d = -7 - -39. What is the greatest common factor of u and d?
4
Let v = -123 + 125. Suppose i = n - 13, v*i = -2 + 4. Calculate the greatest common divisor of 14 and n.
14
Let x = 4577 - 3510. Calculate the highest common divisor of 582 and x.
97
Let p(u) = -u**3 + 2*u**2 + 1154*u + 116. Let l be